
{"id":1792,"date":"2024-02-02T16:40:41","date_gmt":"2024-02-02T15:40:41","guid":{"rendered":"https:\/\/atoutdroneidf.com\/WP_elementor\/?page_id=1792"},"modified":"2024-04-27T11:14:42","modified_gmt":"2024-04-27T09:14:42","slug":"mentions-legales","status":"publish","type":"page","link":"https:\/\/atoutdroneidf.com\/WP_elementor\/mentions-legales\/","title":{"rendered":"Mentions l\u00e9gales"},"content":{"rendered":"\t\t<div data-elementor-type=\"wp-page\" data-elementor-id=\"1792\" class=\"elementor elementor-1792\">\n\t\t\t\t<div class=\"elementor-element elementor-element-b5810ad e-flex e-con-boxed e-con e-parent\" data-id=\"b5810ad\" data-element_type=\"container\">\n\t\t\t\t\t<div class=\"e-con-inner\">\n\t\t\t\t<div class=\"elementor-element elementor-element-e2fdba9 elementor-widget elementor-widget-text-editor\" data-id=\"e2fdba9\" data-element_type=\"widget\" data-widget_type=\"text-editor.default\">\n\t\t\t\t<div class=\"elementor-widget-container\">\n\t\t\t\t\t\t\t\t\t<h2>1 &#8211; \u00c9dition du site<\/h2><p>En vertu de\u00a0<a href=\"https:\/\/www.legifrance.gouv.fr\/affichTexte.do?cidTexte=JORFTEXT000000801164#LEGIARTI000042038977\" target=\"_blank\" rel=\"noreferrer noopener\">l&rsquo;article 6 de la loi n\u00b0 2004-575 du 21 juin 2004<\/a>\u00a0pour la confiance dans l&rsquo;\u00e9conomie num\u00e9rique, il est pr\u00e9cis\u00e9 aux utilisateurs du site internet\u00a0<a href=\"https:\/\/www.atoutdroneidf.com\">https:\/\/www.atoutdroneidf.com<\/a>\u00a0l&rsquo;identit\u00e9 des diff\u00e9rents intervenants dans le cadre de sa r\u00e9alisation et de son suivi:<\/p><p><strong>Propri\u00e9taire du site :\u00a0<\/strong><\/p><p><span data-ref=\"nom_proprietaire\" data-fallback=\"\">EI\u00a0 Jean-michel MARDELLAT<\/span><\/p><p>Contact mail : <span data-ref=\"e_mail_contact\" data-fallback=\"\">atoutdroneidf@gmail.com<br \/><\/span><span data-ref=\"e_mail_contact\" data-fallback=\"\">Contact t\u00e9l\u00e9phone : 06 61 86 54 42<br \/><\/span>Adresse : <span data-ref=\"adresse_postale\" data-fallback=\"\">10 T rue de la gruerie\u00a0 \u00a091190 Gif-sur-yvette\u00a0<\/span><\/p><p><strong>Identification de l&rsquo;entreprise :<\/strong><\/p><p><span data-ref=\"nom_proprietaire\" data-fallback=\"\">EI <\/span>Jean-michel <span data-ref=\"nom_proprietaire\" data-fallback=\"\">MARDELLAT<\/span><br \/>SIREN : 985094044<br \/>Adresse postale :\u00a0<span data-ref=\"adresse_postale\" data-fallback=\"\">10 T rue de la gruerie 91190 Gif-sur-yvette<br \/><span style=\"font-size: inherit; text-align: inherit; font-family: var(--theme-font-family); font-style: var(--theme-font-style, inherit); font-weight: var(--theme-font-weight); letter-spacing: var(--theme-letter-spacing); text-transform: var(--theme-text-transform);\">CGV : Les conditions g\u00e9n\u00e9rales de vente sont disponibles dans la page <a href=\"https:\/\/atoutdroneidf.com\/WP_elementor\/cgv\/\">https:\/\/www.atoutdroneidf.com\/CGV<\/a><\/span><br \/><\/span><\/p><p><strong>Directeur de la publication :\u00a0<\/strong><span data-ref=\"directeur_publication\" data-fallback=\"\">Jean-Michel MARDELLAT<\/span>\u00a0&#8211; Contact :\u00a0<span data-ref=\"contact_directeur\" data-fallback=\"\">atoutdroneidf@gmail.com<\/span>.<\/p><p><strong>H\u00e9bergeur :<\/strong>\u00a0<br \/><span data-ref=\"hebergeur\" data-fallback=\"\">LWS (www.lws.fr &#8211; Ligne Web Services) <br \/>S.A.R.L au capital de 500 000 Euros <br \/>10, RUE PENTHIEVRE <br \/>75008 PARIS<br \/>T\u00e9l\u00e9phone :\u00a0<\/span><span style=\"text-align: var(--text-align); font-family: var(--theme-font-family); font-size: var(--theme-font-size); font-style: var(--theme-font-style, inherit); font-weight: var(--theme-font-weight); letter-spacing: var(--theme-letter-spacing); text-transform: var(--theme-text-transform);\">06 61 86 54 42<\/span><\/p><p><strong>D\u00e9l\u00e9gu\u00e9 \u00e0 la protection des donn\u00e9es :<br \/><\/strong><span data-ref=\"dpo\" data-fallback=\"\">Jean-Michel MARDELLAT<\/span>\u00a0&#8211;\u00a0<span data-ref=\"contact_dpo\" data-fallback=\"\">atoutdroneidf@gmail.com<\/span><\/p><hr \/><h2>2 &#8211; Propri\u00e9t\u00e9 intellectuelle et contrefa\u00e7ons.<\/h2><p><strong><span data-ref=\"nom_proprietaire\" data-fallback=\"\">EI Jean-michel MARDELLAT<\/span><\/strong> est propri\u00e9taire des droits de propri\u00e9t\u00e9 intellectuelle et d\u00e9tient les droits d\u2019usage sur tous les \u00e9l\u00e9ments accessibles sur le site internet, notamment les textes, images, graphismes, logos, vid\u00e9os, architecture, ic\u00f4nes et sons. Les vid\u00e9os Youtube int\u00e9gr\u00e9es ont fait l&rsquo;objet d&rsquo;un accord des auteurs.<\/p><p>Les contributions graphiques externes n\u00e9cessaires et les auteurs sont indiqu\u00e9es dans cette <a href=\"https:\/\/atoutdroneidf.com\/WP_elementor\/contributions_externes\/\">page<\/a>\u00a0<\/p><p>Toute reproduction, repr\u00e9sentation, modification, publication, adaptation de tout ou partie des \u00e9l\u00e9ments du site, quel que soit le moyen ou le proc\u00e9d\u00e9 utilis\u00e9, est interdite, sauf autorisation \u00e9crite pr\u00e9alable de\u00a0<strong><span data-ref=\"nom_proprietaire\" data-fallback=\"\">EI Jean-michel MARDELLAT<\/span><\/strong>.<\/p><p>Toute exploitation non autoris\u00e9e du site ou de l\u2019un quelconque des \u00e9l\u00e9ments qu\u2019il contient sera consid\u00e9r\u00e9e comme constitutive d\u2019une contrefa\u00e7on et poursuivie conform\u00e9ment aux dispositions des articles\u00a0<a href=\"https:\/\/www.legifrance.gouv.fr\/affichCodeArticle.do?idArticle=LEGIARTI000032655082&amp;cidTexte=LEGITEXT000006069414&amp;dateTexte=20160605\" target=\"_blank\" rel=\"noreferrer nofollow noopener\">L.335-2 et suivants du Code de Propri\u00e9t\u00e9 Intellectuelle<\/a>.<\/p><hr \/><h2>3 &#8211; Limitations de responsabilit\u00e9.<\/h2><p><strong><span data-ref=\"nom_proprietaire\" data-fallback=\"\">EI Jean-michel MARDELLAT<\/span><\/strong>\u00a0ne pourra \u00eatre tenu pour responsable des dommages directs et indirects caus\u00e9s au mat\u00e9riel de l\u2019utilisateur, lors de l\u2019acc\u00e8s au site\u00a0<a href=\"https:\/\/www.atoutdroneidf.com\">https:\/\/www.atoutdroneidf.com<\/a>.<\/p><p><strong><span data-ref=\"nom_proprietaire\" data-fallback=\"\">EI Jean-michel MARDELLAT<\/span><\/strong>\u00a0d\u00e9cline toute responsabilit\u00e9 quant \u00e0 l\u2019utilisation qui pourrait \u00eatre faite des informations et contenus pr\u00e9sents sur\u00a0<a href=\"https:\/\/www.atoutdroneidf.com\">https:\/\/www.atoutdroneidf.com<\/a>.<\/p><p><strong><span data-ref=\"nom_proprietaire\" data-fallback=\"\">EI Jean-michel MARDELLAT<\/span><\/strong>\u00a0s\u2019engage \u00e0 s\u00e9curiser au mieux le site\u00a0<a href=\"https:\/\/www.atoutdroneidf.com\">https:\/\/www.atoutdroneidf.com<\/a>, cependant sa responsabilit\u00e9 ne pourra \u00eatre mise en cause si des donn\u00e9es ind\u00e9sirables sont import\u00e9es et install\u00e9es sur son site \u00e0 son insu.<\/p><h2>\u00a06 &#8211; Droit applicable et attribution de juridiction.<\/h2><p>En cas de litige avec IE Jean-michel MARDELLAT , le client pourra avoir recours \u00e0 la m\u00e9diation via la\u00a0<a style=\"text-align: var(--text-align); font-size: var(--theme-font-size); font-style: var(--theme-font-style, inherit); font-weight: var(--theme-font-weight); letter-spacing: var(--theme-letter-spacing); text-transform: var(--theme-text-transform); box-sizing: inherit; --hover-tint: var(--idle); --active-tint: var(--active); outline-color: #0a76f6; outline-offset: 2px; outline-width: 2px; cursor: pointer; background-image: var(--underline-img),var(--underline-img); background-position: var(--underline-x) 100%,var(--underline-x) calc(100% - var(--underline-thickness)); background-repeat: no-repeat, no-repeat; background-size: var(--underline-hover-width) calc(var(--underline-thickness)*2),var(--underline-idle-width) var(--underline-thickness); transition: background-size 0s ease 0s; overflow-wrap: anywhere; font-family: Marianne, arial, sans-serif;\" title=\"plateforme europ\u00e9enne de r\u00e8glement en ligne des litiges (RLL) - Nouvelle fen\u00eatre\" href=\"https:\/\/ec.europa.eu\/consumers\/odr\/main\/index.cfm?event=main.home2.show&amp;lng=FR\" target=\"_blank\" rel=\"noopener\">plateforme europ\u00e9enne de r\u00e8glement en ligne des litiges (RLL)<\/a><span style=\"text-align: var(--text-align); font-size: var(--theme-font-size); font-style: var(--theme-font-style, inherit); font-weight: var(--theme-font-weight); letter-spacing: var(--theme-letter-spacing); text-transform: var(--theme-text-transform);\"><span style=\"color: #3a3a3a; font-family: Marianne, arial, sans-serif;\">.<br \/><\/span><\/span><span style=\"font-size: inherit; text-align: inherit; font-family: var(--theme-font-family); font-style: var(--theme-font-style, inherit); font-weight: var(--theme-font-weight); letter-spacing: var(--theme-letter-spacing); text-transform: var(--theme-text-transform);\">Tout litige en relation avec l\u2019utilisation du site\u00a0<\/span><a href=\"https:\/\/www.atoutdroneidf.com\">https:\/\/www.atoutdroneidf.com<\/a><span style=\"font-size: inherit; text-align: inherit; font-family: var(--theme-font-family); font-style: var(--theme-font-style, inherit); font-weight: var(--theme-font-weight); letter-spacing: var(--theme-letter-spacing); text-transform: var(--theme-text-transform);\"> ou avec EI Jean-michel MARDELLAT est soumis au droit fran\u00e7ais. En dehors des cas o\u00f9 la loi ne le permet pas, il est fait attribution exclusive de juridiction aux tribunaux comp\u00e9tents pour <\/span><strong style=\"font-size: inherit; text-align: inherit; font-family: var(--theme-font-family); font-style: var(--theme-font-style, inherit); letter-spacing: var(--theme-letter-spacing); text-transform: var(--theme-text-transform);\"><span data-ref=\"ville_du_tribunal\" data-fallback=\"\">Gif-sur-yvette<\/span><\/strong><span style=\"font-size: inherit; text-align: inherit; font-family: var(--theme-font-family); font-style: var(--theme-font-style, inherit); font-weight: var(--theme-font-weight); letter-spacing: var(--theme-letter-spacing); text-transform: var(--theme-text-transform);\">.<\/span><\/p>\t\t\t\t\t\t\t\t<\/div>\n\t\t\t\t<\/div>\n\t\t\t\t\t<\/div>\n\t\t\t\t<\/div>\n\t\t\t\t<\/div>\n\t\t","protected":false},"excerpt":{"rendered":"<p>1 &#8211; \u00c9dition du site En vertu de\u00a0l&rsquo;article 6 de la loi n\u00b0 2004-575 du 21 juin 2004\u00a0pour la confiance dans l&rsquo;\u00e9conomie num\u00e9rique, il est pr\u00e9cis\u00e9 aux utilisateurs du site internet\u00a0https:\/\/www.atoutdroneidf.com\u00a0l&rsquo;identit\u00e9 des diff\u00e9rents intervenants dans le cadre de sa r\u00e9alisation et de son suivi: Propri\u00e9taire du site :\u00a0 EI\u00a0 Jean-michel MARDELLAT Contact mail : atoutdroneidf@gmail.comContact [&hellip;]<\/p>\n","protected":false},"author":1,"featured_media":0,"parent":0,"menu_order":0,"comment_status":"closed","ping_status":"closed","template":"","meta":{"_seopress_robots_primary_cat":"","_seopress_titles_title":"","_seopress_titles_desc":"","_seopress_robots_index":"","footnotes":""},"blocksy_meta":[],"_links":{"self":[{"href":"https:\/\/atoutdroneidf.com\/WP_elementor\/wp-json\/wp\/v2\/pages\/1792"}],"collection":[{"href":"https:\/\/atoutdroneidf.com\/WP_elementor\/wp-json\/wp\/v2\/pages"}],"about":[{"href":"https:\/\/atoutdroneidf.com\/WP_elementor\/wp-json\/wp\/v2\/types\/page"}],"author":[{"embeddable":true,"href":"https:\/\/atoutdroneidf.com\/WP_elementor\/wp-json\/wp\/v2\/users\/1"}],"replies":[{"embeddable":true,"href":"https:\/\/atoutdroneidf.com\/WP_elementor\/wp-json\/wp\/v2\/comments?post=1792"}],"version-history":[{"count":61,"href":"https:\/\/atoutdroneidf.com\/WP_elementor\/wp-json\/wp\/v2\/pages\/1792\/revisions"}],"predecessor-version":[{"id":2567,"href":"https:\/\/atoutdroneidf.com\/WP_elementor\/wp-json\/wp\/v2\/pages\/1792\/revisions\/2567"}],"wp:attachment":[{"href":"https:\/\/atoutdroneidf.com\/WP_elementor\/wp-json\/wp\/v2\/media?parent=1792"}],"curies":[{"name":"wp","href":"https:\/\/api.w.org\/{rel}","templated":true}]}}

Mentions légales

<div data-elementor-type="wp-page" data-elementor-id="1792" class="elementor elementor-1792">
				<div class="elementor-element elementor-element-b5810ad e-flex e-con-boxed e-con e-parent" data-id="b5810ad" data-element_type="container">
					<div class="e-con-inner">
				<div class="elementor-element elementor-element-e2fdba9 elementor-widget elementor-widget-text-editor" data-id="e2fdba9" data-element_type="widget" data-widget_type="text-editor.default">
				<div class="elementor-widget-container">
									<h2>1 &#8211; Édition du site</h2><p>En vertu de <a href="https://www.legifrance.gouv.fr/affichTexte.do?cidTexte=JORFTEXT000000801164#LEGIARTI000042038977" target="_blank" rel="noreferrer noopener">l&rsquo;article 6 de la loi n° 2004-575 du 21 juin 2004</a> pour la confiance dans l&rsquo;économie numérique, il est précisé aux utilisateurs du site internet <a href="https://www.atoutdroneidf.com">https://www.atoutdroneidf.com</a> l&rsquo;identité des différents intervenants dans le cadre de sa réalisation et de son suivi:</p><p><strong>Propriétaire du site : </strong></p><p><span data-ref="nom_proprietaire" data-fallback="">EI  Jean-michel MARDELLAT</span></p><p>Contact mail : <span data-ref="e_mail_contact" data-fallback="">atoutdroneidf@gmail.com<br /></span><span data-ref="e_mail_contact" data-fallback="">Contact téléphone : 06 61 86 54 42<br /></span>Adresse : <span data-ref="adresse_postale" data-fallback="">10 T rue de la gruerie   91190 Gif-sur-yvette </span></p><p><strong>Identification de l&rsquo;entreprise :</strong></p><p><span data-ref="nom_proprietaire" data-fallback="">EI </span>Jean-michel <span data-ref="nom_proprietaire" data-fallback="">MARDELLAT</span><br />SIREN : 985094044<br />Adresse postale : <span data-ref="adresse_postale" data-fallback="">10 T rue de la gruerie 91190 Gif-sur-yvette<br /><span style="font-size: inherit; text-align: inherit; font-family: var(--theme-font-family); font-style: var(--theme-font-style, inherit); font-weight: var(--theme-font-weight); letter-spacing: var(--theme-letter-spacing); text-transform: var(--theme-text-transform);">CGV : Les conditions générales de vente sont disponibles dans la page <a href="https://atoutdroneidf.com/WP_elementor/cgv/">https://www.atoutdroneidf.com/CGV</a></span><br /></span></p><p><strong>Directeur de la publication : </strong><span data-ref="directeur_publication" data-fallback="">Jean-Michel MARDELLAT</span> &#8211; Contact : <span data-ref="contact_directeur" data-fallback="">atoutdroneidf@gmail.com</span>.</p><p><strong>Hébergeur :</strong> <br /><span data-ref="hebergeur" data-fallback="">LWS (www.lws.fr &#8211; Ligne Web Services) <br />S.A.R.L au capital de 500 000 Euros <br />10, RUE PENTHIEVRE <br />75008 PARIS<br />Téléphone : </span><span style="text-align: var(--text-align); font-family: var(--theme-font-family); font-size: var(--theme-font-size); font-style: var(--theme-font-style, inherit); font-weight: var(--theme-font-weight); letter-spacing: var(--theme-letter-spacing); text-transform: var(--theme-text-transform);">06 61 86 54 42</span></p><p><strong>Délégué à la protection des données :<br /></strong><span data-ref="dpo" data-fallback="">Jean-Michel MARDELLAT</span> &#8211; <span data-ref="contact_dpo" data-fallback="">atoutdroneidf@gmail.com</span></p><hr /><h2>2 &#8211; Propriété intellectuelle et contrefaçons.</h2><p><strong><span data-ref="nom_proprietaire" data-fallback="">EI Jean-michel MARDELLAT</span></strong> est propriétaire des droits de propriété intellectuelle et détient les droits d’usage sur tous les éléments accessibles sur le site internet, notamment les textes, images, graphismes, logos, vidéos, architecture, icônes et sons. Les vidéos Youtube intégrées ont fait l&rsquo;objet d&rsquo;un accord des auteurs.</p><p>Les contributions graphiques externes nécessaires et les auteurs sont indiquées dans cette <a href="https://atoutdroneidf.com/WP_elementor/contributions_externes/">page</a> </p><p>Toute reproduction, représentation, modification, publication, adaptation de tout ou partie des éléments du site, quel que soit le moyen ou le procédé utilisé, est interdite, sauf autorisation écrite préalable de <strong><span data-ref="nom_proprietaire" data-fallback="">EI Jean-michel MARDELLAT</span></strong>.</p><p>Toute exploitation non autorisée du site ou de l’un quelconque des éléments qu’il contient sera considérée comme constitutive d’une contrefaçon et poursuivie conformément aux dispositions des articles <a href="https://www.legifrance.gouv.fr/affichCodeArticle.do?idArticle=LEGIARTI000032655082&amp;cidTexte=LEGITEXT000006069414&amp;dateTexte=20160605" target="_blank" rel="noreferrer nofollow noopener">L.335-2 et suivants du Code de Propriété Intellectuelle</a>.</p><hr /><h2>3 &#8211; Limitations de responsabilité.</h2><p><strong><span data-ref="nom_proprietaire" data-fallback="">EI Jean-michel MARDELLAT</span></strong> ne pourra être tenu pour responsable des dommages directs et indirects causés au matériel de l’utilisateur, lors de l’accès au site <a href="https://www.atoutdroneidf.com">https://www.atoutdroneidf.com</a>.</p><p><strong><span data-ref="nom_proprietaire" data-fallback="">EI Jean-michel MARDELLAT</span></strong> décline toute responsabilité quant à l’utilisation qui pourrait être faite des informations et contenus présents sur <a href="https://www.atoutdroneidf.com">https://www.atoutdroneidf.com</a>.</p><p><strong><span data-ref="nom_proprietaire" data-fallback="">EI Jean-michel MARDELLAT</span></strong> s’engage à sécuriser au mieux le site <a href="https://www.atoutdroneidf.com">https://www.atoutdroneidf.com</a>, cependant sa responsabilité ne pourra être mise en cause si des données indésirables sont importées et installées sur son site à son insu.</p><h2> 6 &#8211; Droit applicable et attribution de juridiction.</h2><p>En cas de litige avec IE Jean-michel MARDELLAT , le client pourra avoir recours à la médiation via la <a style="text-align: var(--text-align); font-size: var(--theme-font-size); font-style: var(--theme-font-style, inherit); font-weight: var(--theme-font-weight); letter-spacing: var(--theme-letter-spacing); text-transform: var(--theme-text-transform); box-sizing: inherit; --hover-tint: var(--idle); --active-tint: var(--active); outline-color: #0a76f6; outline-offset: 2px; outline-width: 2px; cursor: pointer; background-image: var(--underline-img),var(--underline-img); background-position: var(--underline-x) 100%,var(--underline-x) calc(100% - var(--underline-thickness)); background-repeat: no-repeat, no-repeat; background-size: var(--underline-hover-width) calc(var(--underline-thickness)*2),var(--underline-idle-width) var(--underline-thickness); transition: background-size 0s ease 0s; overflow-wrap: anywhere; font-family: Marianne, arial, sans-serif;" title="plateforme européenne de règlement en ligne des litiges (RLL) - Nouvelle fenêtre" href="https://ec.europa.eu/consumers/odr/main/index.cfm?event=main.home2.show&amp;lng=FR" target="_blank" rel="noopener">plateforme européenne de règlement en ligne des litiges (RLL)</a><span style="text-align: var(--text-align); font-size: var(--theme-font-size); font-style: var(--theme-font-style, inherit); font-weight: var(--theme-font-weight); letter-spacing: var(--theme-letter-spacing); text-transform: var(--theme-text-transform);"><span style="color: #3a3a3a; font-family: Marianne, arial, sans-serif;">.<br /></span></span><span style="font-size: inherit; text-align: inherit; font-family: var(--theme-font-family); font-style: var(--theme-font-style, inherit); font-weight: var(--theme-font-weight); letter-spacing: var(--theme-letter-spacing); text-transform: var(--theme-text-transform);">Tout litige en relation avec l’utilisation du site </span><a href="https://www.atoutdroneidf.com">https://www.atoutdroneidf.com</a><span style="font-size: inherit; text-align: inherit; font-family: var(--theme-font-family); font-style: var(--theme-font-style, inherit); font-weight: var(--theme-font-weight); letter-spacing: var(--theme-letter-spacing); text-transform: var(--theme-text-transform);"> ou avec EI Jean-michel MARDELLAT est soumis au droit français. En dehors des cas où la loi ne le permet pas, il est fait attribution exclusive de juridiction aux tribunaux compétents pour </span><strong style="font-size: inherit; text-align: inherit; font-family: var(--theme-font-family); font-style: var(--theme-font-style, inherit); letter-spacing: var(--theme-letter-spacing); text-transform: var(--theme-text-transform);"><span data-ref="ville_du_tribunal" data-fallback="">Gif-sur-yvette</span></strong><span style="font-size: inherit; text-align: inherit; font-family: var(--theme-font-family); font-style: var(--theme-font-style, inherit); font-weight: var(--theme-font-weight); letter-spacing: var(--theme-letter-spacing); text-transform: var(--theme-text-transform);">.</span></p>								</div>
				</div>
					</div>
				</div>
				</div>

<p>1 &#8211; Édition du site En vertu de l&rsquo;article 6 de la loi n° 2004-575 du 21 juin 2004 pour la confiance dans l&rsquo;économie numérique, il est précisé aux utilisateurs du site internet https://www.atoutdroneidf.com l&rsquo;identité des différents intervenants dans le cadre de sa réalisation et de son suivi: Propriétaire du site :  EI  Jean-michel MARDELLAT Contact mail : atoutdroneidf@gmail.comContact [&hellip;]</p>
